k be f(-1). Suppose -k*l + 32 = -5*l. List the prime factors of l.
2
Suppose -107 = -10*p + 83. Suppose -2*c = -j - 58, -13 - p = -c - j. List the prime factors of c.
2, 3, 5
Suppose -2*k - 25 = -3*v, v = 5*k + 21 - 17. Let w(l) = 13 + 4*l - 3 + l**3 - 10*l**2 + l**2. What are the prime factors of w(v)?
2, 23
Let r = 320 + 1449. List the prime factors of r.
29, 61
Let n(h) = -40*h**3 + 4*h**2 + h + 2. List the prime factors of n(-2).
2, 3, 7
Let y be 7/(-42)*-4 - (-8)/6. Suppose 3*a - y*a = 5*q + 30, 2*a - 115 = -q. List the prime factors of a.
5, 11
Suppose 3 + 6 = 3*u. Let d(t) = 7*t**2 + t - 10*t**u - 7 + 7*t**3 + 4*t**3. List the prime factors of d(-6).
23
Let i = 12 - 10. Let c(q) = 5*q**2 - q - 3. Let x be c(i). Suppose -71 = -2*o - x. What are the prime factors of o?
2, 7
Suppose -4*h - 1 = -49. Suppose l = -h + 113. What are the prime factors of l?
101
Suppose 0 = -9*u + 4*u + 20. Let z = u + -3. What are the prime factors of -3 + z + 1*32?
2, 3, 5
Let n = -12 - -15. Let t(z) = -4*z + 27. What are the prime factors of t(n)?
3, 5
Let o(r) = 77*r - 124. List the prime factors of o(21).
1493
Let v(o) be the first derivative of -o**2/2 + 84*o - 21. List the prime factors of v(16).
2, 17
Let f = 2295 - 1280. List the prime factors of f.
5, 7, 29
Let g(l) = l**3 - l - 1. Let n(f) = 8*f**3 - 6*f**2 - 11*f - 3. Let c(r) = -6*g(r) + n(r). List the prime factors of c(5).
2, 3, 13
Let x = 2244 + -606. What are the prime factors of x?
2, 3, 7, 13
Suppose 0 = -4*v - 2*w + 50 + 152, 97 = 2*v + 5*w. What are the prime factors of v?
3, 17
Let k = 5 - 1. Suppose -3*v - 21 = -k*v. Suppose 0 - v = -n. What are the prime factors of n?
3, 7
Let m(k) be the third derivative of k**5/60 + 5*k**4/24 + k**3/2 + k**2. Let o be m(-3). List the prime factors of 1*6*(-10)/o.
2, 5
Let b be 6/(-9)*3/(-2). Suppose b = -0*k + k. What are the prime factors of -1*(-9 + 1 + k)?
7
Let p be 0 - 1 - (-16)/(-2). Let o be (-6)/(-2)*(p + 8). List the prime factors of 17/(o - 10/(-3)).
3, 17
Let s(h) = -20*h**2 + 64*h - 195. Let a(k) = 7*k**2 - 21*k + 65. Let u(p) = 17*a(p) + 6*s(p). List the prime factors of u(16).
3, 37
Let x(l) = 25*l**2 + 5 + 2*l**2 - l + 3*l**2 - 5*l**2. What are the prime factors of x(3)?
227
Let i(p) = -8*p + 5. Let t(j) = j**2 + 13*j - 19. Let v be t(-13). Let s = 16 + v. List the prime factors of i(s).
29
Suppose 3*k + 82 = 2*k. Suppose -25*n + 23*n - 114 = 0. Let i = n - k. What are the prime factors of i?
5
Let f(j) = -j**3 - 2*j - 1. Let d be f(-1). Suppose 0*a = 4*a - 5*p - 8, d*a - 5*p - 14 = 0. Let t = 21 + a. What are the prime factors of t?
2, 3
Let f(j) = 231*j - 778. What are the prime factors of f(14)?
2, 307
Let q(f) = -8*f + 1. Let l be q(2). What are the prime factors of (-123)/(l/6 + 1)?
2, 41
Suppose -22 = 5*b + 13. Let i be b/14 + (-14)/(-4). List the prime factors of (2 - 1) + 4 + i.
2
Let i = -77 + 157. Suppose 5*y = 5*k + i + 400, 2*k = 10. Let n = y - 45. List the prime factors of n.
2, 7
Suppose 175 + 718 = 5*q - 4*o, -4*q = -5*o - 709. List the prime factors of q.
181
Suppose -18*d + 7423 = -48305. What are the prime factors of d?
2, 3, 43
Let l(f) = f - 2*f - 2*f + 45 + 4*f. What are the prime factors of l(0)?
3, 5
Let j(w) be the first derivative of 10*w**3/3 + 3*w**2/2 + 2*w - 1. Let r be j(-2). Suppose 2*n - r = -n. List the prime factors of n.
2, 3
Suppose 0 = -7*o + 2*o + 4*m - 8, -4*o + 10 = 5*m. Suppose 2*j - 4*j + 252 = 4*k, -k + 5*j + 63 = o. What are the prime factors of k?
3, 7
Let u = -7 - 4. Let j = u - -16. Suppose -j*c + 4*c = -44. What are the prime factors of c?
2, 11
Suppose -8*d + 20424 = 29*d. List the prime factors of d.
2, 3, 23
Let c(r) = 5*r**2 + 13*r - 7. What are the prime factors of c(8)?
3, 139
Suppose 3*r - 3*f + 3 = -r, 2*r - 21 = -3*f. Suppose -d + 5 = 2*h, -5*h + r*h = -d - 7. Suppose 3*o + 2*q = 88, -3*q - h = -0. List the prime factors of o.
2, 3, 5
Let y(s) = s**2 - 1. Let c be y(1). Let l(d) = -d**2 - d + 12. What are the prime factors of l(c)?
2, 3
Let z be ((-224)/20)/(6/5 + -1). Let c = -25 - z. What are the prime factors of c?
31
Let m = -12 + 25. Let c = 13 - m. Suppose c = -5*y + y - 3*i + 36, -9 = -y - i. List the prime factors of y.
3
Let k(p) = -p**2 + 2*p - 4. Let s be k(2). Let r = 9 + s. Suppose -r*a = -4 - 6, 34 = w - 4*a. List the prime factors of w.
2, 3, 7
Let q(g) = g**3 + 8*g**2 + 7*g + 5. Let h be q(-7). Suppose -h*j = i - 213, 0 = j - 2*j + 4*i + 51. List the prime factors of j.
43
List the prime factors of (-172827)/(-45) + 10/25 + 0.
23, 167
Let k be (0/(-5) + 1)*12. What are the prime factors of 17 + -4 + -4 + k?
3, 7
Suppose -4*r = 5*g - 11 - 6, 5*r + 3*g - 18 = 0. Suppose 87 + 252 = 3*v + 3*f, r*v + 5*f - 345 = 0. What are the prime factors of v?
2, 5, 11
List the prime factors of 8288/10 - (-56)/(-70) - 2.
2, 7, 59
Suppose 5*f - f + 2031 = 5*n, -2*n + 4*f = -822. What are the prime factors of n?
13, 31
Suppose -v = s - 494, 2*s + 3*v + 1452 = 5*s. What are the prime factors of s?
3, 163
Suppose -r = -2*k - 1056, 9*r + 3*k = 11*r - 2113. List the prime factors of r.
2, 23
What are the prime factors of (-17 - -239 - (-1 - -6))/1?
7, 31
Suppose 5*b + 4*m - 4425 = -m, -2*m = -4*b + 3570. List the prime factors of b.
2, 5, 89
Suppose -c + 4*j + 497 = 0, 0 = 25*c - 24*c - 5*j - 494. List the prime factors of c.
509
What are the prime factors of 4/20 + (-15820)/(-25)?
3, 211
Let d(y) = -3*y - 12. Let k be d(-12). Let s = 28 - k. Suppose s = -q + 7. List the prime factors of q.
3
Suppose 2 = -7*a + 16. Let i(y) = 17*y**2 + 4*y - 4. List the prime factors of i(a).
2, 3
Let b = 795 - 363. Suppose b = 5*u - 183. What are the prime factors of u?
3, 41
Let i(b) = b**2 + 4*b + 2. Let n(d) = d**2 - d - 1. Let r(s) = -s**2 + 5*s - 3. Let h be r(4). Let q(m) = h*i(m) - 2*n(m). List the prime factors of q(6).
2
Suppose 8 - 26 = -2*i. List the prime factors of 116/6 + i/(-27).
19
Suppose -11340 = -8*f - 1044. Suppose -f = -5*s + 4*l, 0 = -l + 3*l - 4. What are the prime factors of s?
7, 37
Let d(u) = 2*u**3 - 11*u**2 + 3*u + 7. Let a be d(7). Let l = -98 + a. List the prime factors of l.
7, 11
Let h = 5 - -73. Suppose 0 = -2*y - y - h. What are the prime factors of 1/(-1)*(y - -11)?
3, 5
Let x = 16 - 23. What are the prime factors of 2/(x/28 - (-14)/24)?
2, 3
Let b = 11525 - 7238. List the prime factors of b.
3, 1429
Let o(l) = 16*l**2 - 2*l - 9. Let u be o(-3). Suppose 0 = -3*r, -3*w - 3*r = -u - 24. What are the prime factors of w?
5, 11
Let h be ((-14)/6)/(4/24*-2). Let o be 6/(-4)*2/(-3). List the prime factors of 15 + o + 14/h.
2, 3
Let s = 104 - 110. Let j be 1/2 + (-69)/(-6). What are the prime factors of (j - s) + 2 + 0?
2, 5
Let o = 45 - -758. Suppose -4*d = 5*f - o, 333 = 3*f + 5*d - 154. List the prime factors of f.
3, 53
List the prime factors of (-2)/(-13) + ((-136755)/39)/(-3).
7, 167
Let f(n) = 4*n**2 + 12*n + 18. Let k(r) = 3*r**2 + 13*r + 17. Let l(o) = -4*f(o) + 5*k(o). List the prime factors of l(10).
83
Let i(r) = -57*r - 65. List the prime factors of i(-9).
2, 7
Let j = 63 + 36. What are the prime factors of j?
3, 11
Let g be (-2)/3 + 31/(-3). Let s = 127 - 136. Let y = s - g. What are the prime factors of y?
2
Let n(g) = 13*g**2 + 8*g - 37. List the prime factors of n(3).
2, 13
Let c = 1028 - 561. List the prime factors of c.
467
Suppose 4*c + 2 = 4*t + 2*c, -2 = 5*t - c. Let q(s) = -32*s**3 - 2*s - 1. List the prime factors of q(t).
3, 11
Suppose 0*j = -16*j + 10528. Let i = j - 381. What are the prime factors of i?
277
Suppose -r - 3*r + 456 = -4*d, -3*r + 5*d + 348 = 0. List the prime factors of r.
3, 37
Let p = -2070 - -3798. What are the prime factors of p?
2, 3
Suppose 2*w = -0*w - 3*j + 39, 4*j - 80 = -5*w. What are the prime factors of 158/w*-3*-2?
79
Let c = 1024 - 662. What are the prime factors of c?
2, 181
Let a be (40 + -7)/(6/4). Suppose -2*w + 2 = 0, -5*w + 6 = 2*t - w. List the prime factors of (-3 + 3)*t + a.
2, 11
Let p(c) = -c**3 - c**2 + 7*c - 5. Let f be p(-5). List the prime factors of (-40)/f + 14/3.
2
Suppose -5*r - 3 = 22. List the prime factors of ((-3)/r)/((-2)/(-90)).
3
Let p(z) = z - 11. Let j be p(13). Suppose -3*a - 630 = -3*x, x = -j*a - a + 222. What are the prime factors of x?
3, 71
List the prime factors of ((-6694)/(-8) + 3)*